-1745*c + 1712*c + 155199 = 0. What is the thousands digit of c?
4
Let t(r) = r**3 + 8*r**2 + r - 5. Let h be t(-6). Let j = -686 - h. What is the units digit of j/(-12)*(-24)/(-18)?
3
Let q = -17078 + 47546. What is the tens digit of q?
6
Let c(k) = 12*k**3 + 2*k**2 - k + 1. Let n be c(-2). Let v = 1220 + -1195. Let h = v - n. What is the hundreds digit of h?
1
Let n = 3720 - 2007. What is the hundreds digit of n?
7
Suppose -263*b + 355947 = -50125. What is the units digit of b?
4
Let r(g) = 2*g - 5. Let k(b) = -b**2 + 3*b - 9. Let u(a) = 3*k(a) - 5*r(a). Let m be u(-2). Let j(t) = -5*t - 17. What is the units digit of j(m)?
3
Let l(i) = -612*i + 395. What is the tens digit of l(-18)?
1
Let o(v) = 96*v + 546. What is the thousands digit of o(15)?
1
Let j be (21/(-3) - -9)/(4/2518). Let f = j + -749. What is the hundreds digit of f?
5
Let q = 86 - 80. Let s be (-4 - q/(-1)) + -2. Suppose s = 2*o - 254 - 18. What is the tens digit of o?
3
Suppose 3*p - 1074 - 967 = -5*f, 2*p - 2*f = 1334. Let x = -478 + 488. What is the tens digit of (-4)/20 + p/x?
6
Let m(s) be the second derivative of 13*s**4/24 - s**3/3 + 12*s**2 + 11*s. Let i(a) be the first derivative of m(a). What is the tens digit of i(6)?
7
Let g = 44 + -24. Suppose g - 4 = -4*o. Let z(k) = -k**3 - 5*k**2 - 7*k - 4. What is the units digit of z(o)?
8
Let z(m) = m**2 + 25*m - 663. What is the tens digit of z(-61)?
3
Suppose 0 = -6*p - 1458 + 1458. Suppose p = 6*q - 3*q + h - 1548, 0 = -3*h. What is the tens digit of q?
1
Suppose 0 = 5*b - 18 - 2, 0 = z + 2*b - 11. Suppose 38 = -z*y + 4*y. Suppose 3*x + 105 = 3*m, -x - y = -m + 3*x. What is the units digit of m?
4
Suppose -5*z - 59 = 5*a - z, 5*z + 49 = -4*a. Let d(h) = -h**2 - 14*h - 3. Let s be d(a). Suppose -32*x + 390 = -s*x. What is the hundreds digit of x?
1
Let v = -12343 - -39463. What is the thousands digit of v?
7
Let m(n) = -2*n**3 + 6*n**2 + 4*n - 6. Let a = 5 + -10. What is the units digit of m(a)?
4
Suppose -7 = -v - 2*o - 13, 3*o = 2*v - 16. Suppose -4*i + 628 + 796 = v*q, -1436 = -4*i + q. What is the tens digit of i?
5
Let c(k) = 1381*k + 899. What is the units digit of c(12)?
1
Let g(h) = 3*h**2 + 3*h + 1124. Suppose -5*k = -3*j, 0 = 4*j - 5*k + k. What is the thousands digit of g(j)?
1
Let t(z) = z**3 - 3*z**2 - 10*z + 2. Let x be t(5). Suppose -4*b = 2*s - 6462, -x*s + 10 = -0*s. What is the hundreds digit of b?
6
What is the units digit of ((-24)/36)/(4/6*15/(-413205))?
7
Let s be (468/91)/12*7/1. What is the units digit of 1/s*(-9)/9*-1389?
3
Let j(d) = d**3 + 7*d**2 + 7*d + 2. Let r be j(-6). Let f be 7/(-21)*r/(8/30). What is the tens digit of (35 - f)/(-6) + 158?
5
Let j(p) = -p**3 + 9*p**2 - 11*p - 9. Suppose -17*z = -91 - 28. Let f be j(z). Suppose -f*s + 15*s - 495 = 0. What is the tens digit of s?
6
Let p(b) = 44*b**2 + 2*b - 14. Let w be p(-3). Suppose -27*k = w - 2158. What is the units digit of k?
6
Let i be (-3 - ((-1)/(-1) - 4)) + 5. Let c be ((-5)/(-10))/(i/900). Suppose 7*v - c = 729. What is the hundreds digit of v?
1
Let v be 108316/156 + (-2)/(-3) + -1. Suppose -v - 888 = -7*b. Let a = b - 127. What is the units digit of a?
9
Let l = 104 - 104. Suppose 2*m + 326 - 22 = l. Let x = -9 - m. What is the tens digit of x?
4
Suppose 0 = o + 2*c - 3837, 3*o - 11519 = 21*c - 23*c. What is the units digit of o?
1
Let g be (2 - (-10)/1)/(-35 - -80 - 44). Let u = -2 - 5. What is the tens digit of 129/((-3)/g - u/4)?
8
Let j = -26 - -38. Let m be j/(-3)*7/(-1). What is the units digit of 1*(-4)/((-16)/m)?
7
What is the tens digit of (6 + 17 - 15) + 7872?
8
Let l = 178 + -178. Suppose -432 = -a - 5*h, l = -5*h + 26 - 11. What is the units digit of a?
7
Let m(x) = -1621*x - 15723. What is the units digit of m(-24)?
1
Let j = 62 - 80. Let i(c) = -c**3 - 19*c**2 - 18*c + 25. Let b be i(j). Suppose -b = -5*u, 0 = 4*f + 2*u - 915 + 229. What is the tens digit of f?
6
Suppose 6*d - 3*d = -5*w - 59263, 5*d + 5*w + 98755 = 0. Let y be d/12 - 3/6. What is the tens digit of (-6)/42 + y/(-7)?
3
Suppose -v = 5*u - 12010 - 1650, 2*v - 4*u = 27264. What is the hundreds digit of v?
6
Let r = 12432 + -8880. What is the thousands digit of r?
3
What is the hundreds digit of 4946 + 6 + (-7 - -7)?
9
Let g(v) = 2*v - 3. Let q be g(4). Suppose q*a - 1 + 6 = 0. Let s(p) = 58*p**2 - 3*p - 2. What is the tens digit of s(a)?
5
Let a = 16063 + -5678. What is the thousands digit of a?
0
Suppose -7*z + 14*z - 33908 = 0. Suppose 22*j + 1104 = z. What is the tens digit of j?
7
Let d(k) be the first derivative of -12*k**2 + 31*k + 23. What is the tens digit of d(-6)?
7
Suppose -29424*m - 266720 = -29440*m. What is the hundreds digit of m?
6
Suppose -151 + 701 = -5*x. Let s be x/(-4) + 3/(-2). Suppose 0*y + 2*y - s = 0. What is the units digit of y?
3
Suppose 32 = 11*b - 3*b. Suppose -2*l = b*w - 2539 + 989, -3*w = -12. Let k = -519 + l. What is the tens digit of k?
4
Suppose -10*s - 58*s + 576806 + 62598 = 0. What is the hundreds digit of s?
4
Suppose 653 + 318 = g - 3*l, -g = 5*l - 939. Let t = -525 + g. What is the hundreds digit of t?
4
Suppose -2*z = -4*h + 380, -4*h - 55*z + 56*z + 376 = 0. Suppose 4*f + 2*k - 623 = 141, f = 2*k + 191. Suppose -h = -2*v + f. What is the hundreds digit of v?
1
Suppose 6*u - 33 = -3. What is the units digit of -1 + u + 41 + 377?
2
Let s(f) = -28*f - 5. Let c be s(-4). Let v = c - 37. What is the units digit of (18/7)/(3/v)?
0
Let d(y) = -46*y**3 + 4*y**2 - 62*y - 175. What is the tens digit of d(-8)?
2
Suppose -4*d = -25 - 11. Suppose 5*b - d*g = -5*g + 327, -198 = -3*b + 3*g. Suppose 4*x = 69 + b. What is the tens digit of x?
3
Let x = -926 + 1964. What is the thousands digit of x?
1
Suppose -2*j - 114 = -3*f, 2*f = 6*f - 3*j - 152. What is the units digit of f?
8
Let u(v) = v**3 + 7*v**2 - 8*v + 6. Let s be u(-8). Suppose -7345 = -s*a - 1447. What is the hundreds digit of a?
9
Suppose -2*p + 4*n + 7748 = 0, 0 = -2*p - 3*n + 8372 - 603. What is the units digit of p?
0
Let d be 30/26 + -1 + 528/(-52). Let h(f) = -f - 6. Let i be h(d). Suppose -2*w - 2*a + a = -49, -80 = -4*w + i*a. What is the units digit of w?
3
Let d(b) = 4*b - 20*b - 10*b - b + 18. Let w be d(-4). Suppose 5*j = -2*r + 213 + w, 4*j = -12. What is the units digit of r?
7
Let g = 3392 - 2343. Suppose 2725 = 6*x - g. What is the hundreds digit of x?
6
What is the tens digit of 69803 - (-8 - (6 - 3))?
1
Suppose 202*q + 6664 = 206*q. Let p = q + -845. What is the tens digit of p?
2
What is the thousands digit of (-1755204)/(-72) + (-4)/(-24)?
4
Suppose 3*z = 22 - 19. Let m(h) = h**3 + h**2 - 2*h + 1. Let n be m(z). What is the hundreds digit of (137 - (-1 + n)) + 4?
1
Let p = -1942 - -520. What is the thousands digit of (10 + -7)/(((-33)/p)/11)?
1
Suppose 10*w = 5*w - 265. Let x be (-2556)/144 + (-2)/8. Let l = x - w. What is the tens digit of l?
3
Suppose -11*t = -6*t - 2*q, -2*t - 3*q = 0. Suppose t = -10*z + 4114 + 2016. What is the tens digit of z?
1
What is the hundreds digit of (-156)/1014 - ((-37602)/(-13))/((-6)/28)?
4
Let m(n) = 2*n**2 - 20*n + 20. Let j be m(9). Suppose 10*f - 3008 = j*f. What is the hundreds digit of f?
3
Let f = -1886 + 3226. Let h = -890 + f. What is the hundreds digit of h?
4
Suppose -8*r = -5*r + 18, 2*r = -5*h + 51183. What is the ten thousands digit of h?
1
Suppose q - 1424 = -3*j + 898, -j - 11642 = -5*q. Suppose -q = -0*b - 4*b + 4*v, 1170 = 2*b - 5*v. What is the units digit of b?
0
Suppose 2*j - 234 = 5*n, 0*j - 123 = -j + 4*n. Let b = j - 47. Suppose 3*v + b = 4*v. What is the units digit of v?
0
Let z(a) = -10*a - 16. Let w(t) = t - 31. Let r be w(12). What is the tens digit of z(r)?
7
Let s be ((-8)/6)/((-12)/(-306)). Let t = 34 + s. Suppose 3*a - 204 = -t*a. What is the tens digit of a?
6
Let l = 14150 - -14336. What is the ten thousands digit of l?
2
Suppose -n = 3*w - 224, 5*w - 2*n = -n + 368. Suppose 0 = -c + t + 8, 5*c + 66*t - 70*t - 37 = 0. Suppose -3*x - c = -w. What is the tens digit of x?
2
Suppose 0 = 4*a + z - 108291, 108282 = 4*a - 2578*z + 2576*z. What is the ten thousands digit of a?
2
Let x(m) = -61*m**3 + 12*m**2 - 11*m - 24. Let u be x(-6). Suppose 23*d = -2*d + u. What is the tens digit of d?
4
Suppose -d - 2 = 0, -3*k + 6*d = 5*d - 1547. What is the hundreds digit of k + (3 - 2) 